3, 347, 2689889
List the prime factors of 1156007641.
1156007641
What are the prime factors of 749598171?
3, 7, 317, 112603
List the prime factors of 11272492.
2, 7, 11, 36599
What are the prime factors of 388199001?
3, 129399667
List the prime factors of 1990393135.
5, 107, 3720361
What are the prime factors of 8165853?
3, 73, 1381
List the prime factors of 101840431.
7, 11, 29, 59, 773
List the prime factors of 481885918.
2, 240942959
What are the prime factors of 631661516?
2, 137, 1152667
What are the prime factors of 178455820?
2, 5, 8922791
What are the prime factors of 909140318?
2, 167, 463, 5879
What are the prime factors of 544275122?
2, 31, 113, 77687
What are the prime factors of 135410132?
2, 11, 13, 21521
What are the prime factors of 24704947?
71, 347957
What are the prime factors of 1792628870?
2, 5, 97, 821, 2251
List the prime factors of 1588523340.
2, 3, 5, 26475389
List the prime factors of 616565635.
5, 7, 59, 298579
List the prime factors of 15066339.
3, 2083, 2411
List the prime factors of 187662815.
5, 37532563
List the prime factors of 137417849.
6863, 20023
What are the prime factors of 34583982?
2, 3, 241, 23917
List the prime factors of 1425550329.
3, 7, 22627783
What are the prime factors of 2209714?
2, 13, 37, 2297
What are the prime factors of 307798429?
43, 593, 12071
List the prime factors of 5812812.
2, 3, 61, 2647
What are the prime factors of 963488822?
2, 19, 25354969
List the prime factors of 4691159909.
31, 79, 127, 15083
List the prime factors of 432813615.
3, 5, 13, 2219557
List the prime factors of 412290719.
412290719
What are the prime factors of 1876742534?
2, 938371267
List the prime factors of 116963329.
7, 271, 61657
List the prime factors of 813952032.
2, 3, 8478667
List the prime factors of 1653504077.
1123, 1472399
List the prime factors of 19561664.
2, 53, 73, 79
What are the prime factors of 2132364617?
61, 89, 523, 751
What are the prime factors of 161474371?
199, 811429
List the prime factors of 209836964.
2, 53, 989797
What are the prime factors of 114325029?
3, 7, 13, 139591
What are the prime factors of 3479249303?
293, 11874571
List the prime factors of 242532023.
242532023
List the prime factors of 54251.
54251
What are the prime factors of 32195000?
2, 5, 47, 137
What are the prime factors of 82035099?
3, 43, 2617
List the prime factors of 118135846.
2, 509, 116047
List the prime factors of 10269955.
5, 17, 120823
What are the prime factors of 740934980?
2, 5, 59, 627911
What are the prime factors of 68184274?
2, 19, 1794323
List the prime factors of 62910258.
2, 3, 53, 197831
What are the prime factors of 31428942?
2, 3, 1061, 4937
List the prime factors of 79334971.
17, 853, 5471
What are the prime factors of 19061485?
5, 151, 25247
List the prime factors of 708817068.
2, 3, 2187707
What are the prime factors of 651109777?
139, 4684243
What are the prime factors of 74470124?
2, 157, 118583
List the prime factors of 437473275.
3, 5, 5832977
What are the prime factors of 18312731?
18312731
What are the prime factors of 348660384?
2, 3, 61, 59539
What are the prime factors of 959670042?
2, 3, 159945007
What are the prime factors of 1969247684?
2, 492311921
List the prime factors of 595487849.
11, 17, 107, 29761
List the prime factors of 84010189.
41, 113, 18133
List the prime factors of 27649016.
2, 3456127
What are the prime factors of 5090457308?
2, 701, 1815427
What are the prime factors of 45068999?
6421, 7019
List the prime factors of 118927209.
3, 39642403
What are the prime factors of 69022551?
3, 13, 83, 21323
List the prime factors of 22567320.
2, 3, 5, 62687
What are the prime factors of 448602407?
11, 19, 2146423
List the prime factors of 857535699.
3, 293, 975581
List the prime factors of 6752238685.
5, 23, 191, 307409
List the prime factors of 681423657.
3, 19, 503, 23767
List the prime factors of 140755712.
2, 197, 2791
What are the prime factors of 55076587?
55076587
List the prime factors of 37241968.
2, 17, 23, 5953
List the prime factors of 450136314.
2, 3, 53, 471841
What are the prime factors of 86628106?
2, 19, 2279687
What are the prime factors of 217805500?
2, 5, 11, 199
What are the prime factors of 67056265?
5, 29, 311, 1487
What are the prime factors of 651549726?
2, 3, 36197207
What are the prime factors of 6215985407?
6215985407
What are the prime factors of 28171797?
3, 41, 233, 983
List the prime factors of 89521675.
5, 643, 5569
List the prime factors of 1417280060.
2, 5, 7, 193, 52453
What are the prime factors of 65728042?
2, 3541, 9281
What are the prime factors of 86282426?
2, 59, 61, 11987
List the prime factors of 27389661.
3, 13, 89, 607
What are the prime factors of 206524167?
3, 19, 29, 103, 1213
List the prime factors of 3890585088.
2, 3, 13, 21649
List the prime factors of 141916777.
449, 316073
List the prime factors of 90309432.
2, 3, 19, 198047
What are the prime factors of 38640322?
2, 7, 23, 31, 79
List the prime factors of 79177453.
29, 2730257
What are the prime factors of 706763282?
2, 431, 819911
List the prime factors of 109290443.
1289, 84787
List the prime factors of 2042924112.
2, 3, 2027, 2333
List the prime factors of 51002075.
5, 67, 30449
List the prime factors of 352707398.
2, 17, 31, 334637
What are the prime factors of 1876574953?
11, 1567, 108869
List the prime factors of 9850414.
2, 7, 41, 131
List the prime factors of 1795292288.
2, 641, 21881
What are the prime factors of 1279841127?
3, 426613709
What are the prime factors of 62167506?
2, 3, 19, 545329
List the prime factors of 313425883.
5021, 62423
What are the prime factors of 1930924897?
11, 1091, 14627
What are the prime factors of 266789389?
3329, 80141
List the prime factors of 303881074.
2, 7, 37, 173, 3391
What are the prime factors of 31781904?
2, 3, 7, 11, 8599
List the prime factors of 3120936064.
2, 24382313
What are the prime factors of 51393614?
2, 25696807
What are the prime factors of 80559075?
3, 5, 1074121
List the prime factors of 5185707.
3, 857, 2017
What are the prime factors of 39905959?
31, 1287289
List the prime factors of 243253963.
243253963
What are the prime factors of 99494667?
3, 11054963
List the prime factors of 270815924.
2, 139, 487079
List the prime factors of 1013044447.
10037, 100931
List the prime factors of 12352291.
7, 31, 56923
List the prime factors of 110929398.
2, 3, 18488233
List the prime factors of 16998424.
2, 1427, 1489
List the prime factors of 114893335.
5, 22978667
What are the prime factors of 656138833?
7, 29, 1307, 2473
What are the prime factors of 4230023177?
41, 103171297
What are the prime factors of 376344619?
7, 31, 317, 5471
List the prime factors of 66887435.
5, 17, 593, 1327
What are the prime factors of 319299227?
13, 24561479
List the prime factors of 3951582464.
2, 15435869
What are the prime factors of 482583354?
2, 3, 11, 1861, 3929
What are the prime factors of 149675599?
17, 419, 21013
What are the prime factors of 5389868331?
3, 199624753
What are the prime factors of 2461108426?
2, 7, 2789, 63031
List the prime factors of 1301599011.
3, 151, 2873287
List the prime factors of 158111323.
37, 277, 15427
What are the prime factors of 1859219423?
43, 1005527
What are the prime factors of 75090389?
11, 6826399
What are the prime factors of 3060391267?
577, 2089, 2539
What are the prime factors of 3641144871?
3, 7, 13, 1905361
What are the prime factors of 295318977?
3, 29, 3394471
What are the prime factors of 40927960?
2, 5, 1023199
List the prime factors of 387304491.
3, 7, 41, 149, 3019
List the prime factors of 152399175.
3, 5, 199, 10211
What are the prime factors of 4454799?
3, 17, 113, 773
What are the prime factors of 12547816?
2, 523, 2999
What are the prime factors of 72427766?
2, 97, 373339
List the prime factors of 71368294.
2, 19, 241, 7793
List the prime factors of 29445808.
2, 7, 262909
What are the prime factors of 312429762?
2, 3, 83, 209123
List the prime factors of 1402833576.
2, 3, 31, 1885529
What are the prime factors of 1788894363?
3, 596298121
What are the prime factors of 42212888?
2, 571, 9241
List the prime factors of 1517767586.
2, 373, 2034541
List the prime factors of 300335466.
2, 3, 50055911
List the prime factors of 189428759.
13, 23, 409, 1549
List the prime facto